 of 29*t**6/120 + 2*t**2. What is the remainder when c(1) is divided by (-6 - 0)/(2/(-5))?
14
Let o(a) = 6*a - 4*a**2 + 35 - a**3 + a - 36. What is the remainder when 84 is divided by o(-6)?
26
Let o(p) = p**2 - 10*p - 28. What is the remainder when o(13) is divided by 3?
2
Let p(v) = -v**3 + 10*v**2 + 9*v + 16. Let x be p(11). What is the remainder when (61/2)/((-3)/x) is divided by 16?
13
Suppose a + 4*a = -35. Let b(y) = -4*y - 8. Let t(f) = -5*f - 9. Let v(j) = a*b(j) + 6*t(j). What is the remainder when v(-7) is divided by 9?
7
Let p = 168 + -150. What is the remainder when 121 is divided by p?
13
Let l(h) = 31*h**2 - h + 1. Let r be l(1). Let a = -1 + r. What is the remainder when a is divided by 11?
8
Suppose -w - 3*w + 56 = 0. What is the remainder when 23 is divided by w?
9
Let a be -1*(-1 + 0) - 5. Let t = a - -7. Suppose t*k - 48 = 3. What is the remainder when k is divided by 6?
5
Suppose -3*p + 7*p - 668 = 0. Suppose p = 5*u - 13. Let w(y) = -3*y**3 - 2*y**2 + y - 1. What is the remainder when u is divided by w(-2)?
10
Let i = -70 + 97. What is the remainder when 53 is divided by i?
26
Suppose 25 + 47 = s + 3*n, 2*s = -2*n + 148. Suppose -9*c + s = -4*c. What is the remainder when (-2)/(-5) + (-133)/(-5) is divided by c?
12
Let p = -5 + 40. Calculate the remainder when p is divided by -1*(4 + -5) - -11.
11
Calculate the remainder when (-1)/(-3) - (-8)/3 is divided by 1.
0
Suppose 0 = -3*w - 1 + 7. Let x be ((-12)/(-14))/((-2)/14). Let i = x - -9. What is the remainder when i is divided by w?
1
Let d be 0 - -1 - 19/(-1). Suppose 5*r - d = 2*h + 2*h, 4*h = 3*r - 20. What is the remainder when ((h - 0) + -2)*-2 is divided by 4?
2
Let t = 58 - 19. Calculate the remainder when t is divided by 23.
16
Let t(y) = -y**2 - 7*y - 4. Calculate the remainder when t(-3) is divided by 2.
0
Let q = 11 - 2. Let v be -25 - 0/(2/1). Let y = 42 + v. What is the remainder when y is divided by q?
8
Suppose 3*t - 48 = -5*b, 0*b = -3*b + 9. Let s be -2 + (-1)/((-1)/(-43)). Let k = s + 87. Calculate the remainder when k is divided by t.
9
Suppose c = 59 + 14. What is the remainder when c is divided by 26?
21
Suppose 0 = 3*c - 0*c - 5*l - 100, c - 32 = 2*l. What is the remainder when c is divided by 14?
12
Let f(w) = -6*w - 6. What is the remainder when f(-5) is divided by 13?
11
Let h = 2 + 10. What is the remainder when 45 is divided by h?
9
Suppose -2*v + 20 = -v - 3*k, 2 = k. What is the remainder when v is divided by 7?
5
Calculate the remainder when (-2)/(-8) + 2442/24 is divided by 26.
24
Let m = 0 - -2. Suppose t - 15 = m*s + s, 4*t - 4*s = 44. Let f = -3 + t. Calculate the remainder when 11 is divided by f.
5
Let g(w) = 30*w. Let s be g(1). Suppose -4*u + s + 22 = 0. Let z(i) = -i**3 + 21*i**2 - 21*i + 27. Calculate the remainder when u is divided by z(20).
6
Let d(k) = 4*k - 2. Let l be d(8). Suppose 4*a - 9*a = -l. Let y(r) = 5*r - 9. What is the remainder when y(a) is divided by 6?
3
Suppose 2*c - 122 = -2*y + 302, 0 = -3*y - 9. What is the remainder when c is divided by 31?
29
Let f = 6 - -22. Calculate the remainder when f is divided by 10.
8
Suppose 4*f - 5*g - 52 = 0, -g + 76 = -0*f + 4*f. What is the remainder when 35 is divided by f?
17
Let p = -34 - -43. What is the remainder when p is divided by 4?
1
Suppose 1 + 3 = 2*y. Let c(u) = u**2 + 3*u - 2. Let x be c(-4). Let v = 3 - x. Calculate the remainder when y is divided by v.
0
Let c(d) = 99*d**2 - 12*d - 13. Calculate the remainder when c(-1) is divided by 20.
18
Let j = -14 + 36. Calculate the remainder when 43 is divided by j.
21
Let p(x) = -2*x**2 + x - 9. Let y be p(5). Let j be 826/(-8) + (-1)/(-4). Let c = y - j. Calculate the remainder when c is divided by 13.
10
Let m be 24/9*6/4. Suppose -3 = b - m. What is the remainder when 2 is divided by b?
0
Let d(y) = y**2 + 4*y - 1. Let l = -48 - -80. What is the remainder when l is divided by d(-6)?
10
Calculate the remainder when 47 is divided by (84/8)/(-7)*-8.
11
Let p = 92 - 46. Suppose -t - p = -3*t. What is the remainder when t is divided by 8?
7
Let b = -18 + 34. What is the remainder when 46 is divided by b?
14
What is the remainder when (214/10)/(12/60) is divided by 27?
26
Let m = 19 + -13. Let z(n) be the first derivative of n**2 + 2*n + 1. What is the remainder when 41 is divided by z(m)?
13
Let f be 30/25*-5*1. What is the remainder when (-147)/f + 1/2 is divided by 7?
4
Let n = 1 - 1. Suppose -v = 5*x + 25, -4*x + 12 = -n*x. Let q = v - -72. Calculate the remainder when q is divided by 17.
15
Suppose j - 36 = -h + 4*j, -j = 0. Let k = 10 - 5. Let x = 24 - k. What is the remainder when h is divided by x?
17
Suppose -31 - 114 = -5*k. Calculate the remainder when k is divided by 11.
7
Suppose 30 = -6*d + 9*d. Calculate the remainder when d is divided by 3.
1
Let b(v) = 6*v + 6. Let k be b(11). Calculate the remainder when (9/(-2))/((-6)/k) is divided by 19.
16
What is the remainder when 137 is divided by (-7)/(-21) + 89/3 + -2?
25
Suppose 3*j = g - 41, 2*g = -g + j + 107. What is the remainder when g is divided by 18?
17
Let p = 16 + 127. What is the remainder when p is divided by 36?
35
Let n(s) = 2*s - 13. Let i be n(11). Let q = i - -18. Calculate the remainder when q is divided by 7.
6
Suppose -3*c - 5*d = 17, -c + 2*c + 3*d = -11. What is the remainder when 2 is divided by c?
0
Calculate the remainder when 81 is divided by (48 - 6)*2/4.
18
Suppose 2*r - 3*r + 4*c = 0, 0 = 3*r + 3*c. Suppose r = -3*g + 6 + 9. Calculate the remainder when 8 is divided by g.
3
Calculate the remainder when (-99)/264 - 694/(-16) is divided by 15.
13
Let j = -100 + 113. Calculate the remainder when 22 is divided by j.
9
Let m(c) = 3*c**3 - 6*c + 7. Let r(h) = -h**3 + h - 1. Let g(z) = -m(z) - 6*r(z). What is the remainder when 6 is divided by g(1)?
0
Calculate the remainder when ((-279)/(-6))/(24/64) is divided by 25.
24
Suppose 0 = m - 6*m + 4*b - 7, 5*m - b + 13 = 0. Suppose 0 = -2*u - z + 15, 0*z = -u + 3*z + 4. What is the remainder when -30*m/(9/2) is divided by u?
6
What is the remainder when 62 is divided by 2/11 + 522/33?
14
Let j = 91 - 44. What is the remainder when 91 is divided by j?
44
Suppose 2*k = -2*u + 12, 4*k - 3*u - 14 = -k. Suppose k*l - 2 = 3*l. What is the remainder when l is divided by 2?
0
What is the remainder when 3 - (-46*2 + -3) is divided by 20?
18
What is the remainder when 31 is divided by 16/(5 + 2 + -5)?
7
Let g = 41 - 31. Calculate the remainder when 19 is divided by g.
9
Let d(m) = 5*m**2 - m - 2. Suppose 3*o + 0*o = -4*v - 68, -5*v = 4*o + 90. What is the remainder when d(-3) is divided by (-20)/(-3)*(-48)/o?
14
Suppose -w + 64 = 3*i - 0*i, 3*i + 5*w - 80 = 0. Calculate the remainder when 79 is divided by i.
19
Let y = 75 - 10. Suppose -71 = -p + 2*w, -3*w + y - 208 = -2*p. What is the remainder when p is divided by 25?
23
Suppose 4*w - 83 = w - 4*v, 5*w - 145 = -5*v. What is the remainder when 162 is divided by w?
30
Let g(y) = y**2 + 2*y + 54. Calculate the remainder when g(0) is divided by 14.
12
Suppose -7*p + 19 = 3*z - 6*p, 4*z = -3*p + 27. Let r(d) = d**3 + 4*d**2 - 4*d - 6. Let a be 1 + 1 + -8 + 2. Calculate the remainder when r(a) is divided by z.
4
Let i be ((-10)/(-15))/(4/54). Suppose 4*j - i = j. Suppose 2*c + 45 = 5*g, 4*g = -3*c + 17 - 4. Calculate the remainder when g is divided by j.
1
Suppose -84 = -4*c - 3*c. Calculate the remainder when c is divided by 8.
4
Calculate the remainder when 34 is divided by 216/42*(-7)/(-2).
16
Calculate the remainder when 93 is divided by 1 + -1 - (-23 + (1 - 2)).
21
Suppose 2*l - j + 52 = -3*l, 4*l + 53 = -3*j. Let h = -7 - l. Let w = h + 3. What is the remainder when 20 is divided by w?
6
Suppose 7 = 4*w - 109. What is the remainder when w is divided by 10?
9
Let d = -8 + 37. What is the remainder when d is divided by 8?
5
Let c = -94 + 99. Calculate the remainder when c is divided by 2.
1
Suppose -3*f + f - 4 = 0. Let d(o) = o**2 - 1. Let k(a) = 3*a**3 + 2*a**2. Let q(w) = -d(w) - k(w). Calculate the remainder when q(f) is divided by 7.
6
Suppose -6 = -d - d. Let t be (d + 0)*48/(-9). Let x = 25 + t. Calculate the remainder when 16 is divided by x.
7
Let b(o) = 2*o**2 - 4*o + 1. Suppose 5*w - 2*p = 135 + 24, 2*w - p = 63. Calculate the remainder when 